{"id":8430,"date":"2025-05-16T15:46:42","date_gmt":"2025-05-16T13:46:42","guid":{"rendered":"https:\/\/topoieinstudio.fr\/?page_id=8430"},"modified":"2025-05-16T15:51:22","modified_gmt":"2025-05-16T13:51:22","slug":"participation-a-lemission-courants-alternatifs-le-nouveau-souffle-france-3-copy","status":"publish","type":"page","link":"https:\/\/topoieinstudio.fr\/index.php\/participation-a-lemission-courants-alternatifs-le-nouveau-souffle-france-3-copy\/","title":{"rendered":"R\u00e9emploi, mode d\u2019emploi \u2013 MOE"},"content":{"rendered":"\t\t<div data-elementor-type=\"wp-page\" data-elementor-id=\"8430\" class=\"elementor elementor-8430\">\n\t\t\t\t<div class=\"elementor-element elementor-element-4b362ce e-flex e-con-boxed wpr-particle-no wpr-jarallax-no wpr-parallax-no wpr-sticky-section-no wpr-equal-height-no elementor-invisible e-con e-parent\" data-id=\"4b362ce\" data-element_type=\"container\" data-e-type=\"container\" data-settings=\"{&quot;animation&quot;:&quot;fadeIn&quot;}\">\n\t\t\t\t\t<div class=\"e-con-inner\">\n\t\t\t\t<div class=\"elementor-element elementor-element-30e970a elementor-widget elementor-widget-heading\" data-id=\"30e970a\" data-element_type=\"widget\" data-e-type=\"widget\" data-widget_type=\"heading.default\">\n\t\t\t\t<div class=\"elementor-widget-container\">\n\t\t\t\t\t<h2 class=\"elementor-heading-title elementor-size-default\">R\u00e9emploi, mode d\u2019emploi \u2013 MOE<\/h2>\t\t\t\t<\/div>\n\t\t\t\t<\/div>\n\t\t\t\t<div class=\"elementor-element elementor-element-a8fca18 elementor-widget elementor-widget-text-editor\" data-id=\"a8fca18\" data-element_type=\"widget\" data-e-type=\"widget\" data-widget_type=\"text-editor.default\">\n\t\t\t\t<div class=\"elementor-widget-container\">\n\t\t\t\t\t\t\t\t\t<p>avril 2025<\/p>\t\t\t\t\t\t\t\t<\/div>\n\t\t\t\t<\/div>\n\t\t\t\t<div class=\"elementor-element elementor-element-9121774 elementor-widget elementor-widget-text-editor\" data-id=\"9121774\" data-element_type=\"widget\" data-e-type=\"widget\" data-widget_type=\"text-editor.default\">\n\t\t\t\t<div class=\"elementor-widget-container\">\n\t\t\t\t\t\t\t\t\t<p style=\"font-weight: 400;\">Formation R\u00e9emploi, mode d\u2019emploi \u2013 MOE, d\u2019Agn\u00e8s James sur les enjeux du r\u00e9emploi dans les projets de l\u2019agence, afin de permettre de mieux identifier le potentiel de r\u00e9emploi des \u00e9l\u00e9ments constitutifs d&rsquo;un b\u00e2timent selon des crit\u00e8res objectifs, de sourcer efficacement les acteurs pr\u00e9sents sur notre territoire pour les besoins du projet et de mettre au point une m\u00e9thode de requalification des mat\u00e9riaux lors des \u00e9tudes.<\/p><p style=\"font-weight: 400;\">Un grand merci \u00e0 Marine Supiot, formatrice\u00a0chez Mineka pour la qualit\u00e9 des \u00e9changes\u00a0!<\/p><p style=\"font-weight: 400;\"><a href=\"https:\/\/mineka.fr\/\" target=\"_blank\" rel=\"noopener\">https:\/\/mineka.fr\/<\/a><\/p>\t\t\t\t\t\t\t\t<\/div>\n\t\t\t\t<\/div>\n\t\t\t\t<div class=\"elementor-element elementor-element-4a7b9be elementor-widget elementor-widget-image\" data-id=\"4a7b9be\" data-element_type=\"widget\" data-e-type=\"widget\" data-widget_type=\"image.default\">\n\t\t\t\t<div class=\"elementor-widget-container\">\n\t\t\t\t\t\t\t\t\t\t\t\t\t\t\t<img fetchpriority=\"high\" decoding=\"async\" width=\"700\" height=\"500\" src=\"https:\/\/topoieinstudio.fr\/wp-content\/uploads\/2025\/05\/Reemploi-mode-demploi\u2013MOE.jpg\" class=\"attachment-full size-full wp-image-8431\" alt=\"\" srcset=\"https:\/\/topoieinstudio.fr\/wp-content\/uploads\/2025\/05\/Reemploi-mode-demploi\u2013MOE.jpg 700w, https:\/\/topoieinstudio.fr\/wp-content\/uploads\/2025\/05\/Reemploi-mode-demploi\u2013MOE-300x214.jpg 300w\" sizes=\"(max-width: 700px) 100vw, 700px\" \/>\t\t\t\t\t\t\t\t\t\t\t\t\t\t\t<\/div>\n\t\t\t\t<\/div>\n\t\t\t\t<div class=\"elementor-element elementor-element-49393c1 elementor-widget elementor-widget-spacer\" data-id=\"49393c1\" data-element_type=\"widget\" data-e-type=\"widget\" data-widget_type=\"spacer.default\">\n\t\t\t\t<div class=\"elementor-widget-container\">\n\t\t\t\t\t\t\t<div class=\"elementor-spacer\">\n\t\t\t<div class=\"elementor-spacer-inner\"><\/div>\n\t\t<\/div>\n\t\t\t\t\t\t<\/div>\n\t\t\t\t<\/div>\n\t\t\t\t<div class=\"elementor-element elementor-element-5bc07d5 elementor-widget elementor-widget-qi_addons_for_elementor_blockquote\" data-id=\"5bc07d5\" data-element_type=\"widget\" data-e-type=\"widget\" data-widget_type=\"qi_addons_for_elementor_blockquote.default\">\n\t\t\t\t<div class=\"elementor-widget-container\">\n\t\t\t\t\t<div class=\"qodef-shortcode qodef-m qodef-qi-blockquote qodef-layout--top qodef--icon-pack\">\n\t\t\t<div class=\"qodef-m-icon\">\n\t\t\t<svg aria-hidden=\"true\" class=\"e-font-icon-svg e-fas-quote-right\" viewBox=\"0 0 512 512\" xmlns=\"http:\/\/www.w3.org\/2000\/svg\"><path d=\"M464 32H336c-26.5 0-48 21.5-48 48v128c0 26.5 21.5 48 48 48h80v64c0 35.3-28.7 64-64 64h-8c-13.3 0-24 10.7-24 24v48c0 13.3 10.7 24 24 24h8c88.4 0 160-71.6 160-160V80c0-26.5-21.5-48-48-48zm-288 0H48C21.5 32 0 53.5 0 80v128c0 26.5 21.5 48 48 48h80v64c0 35.3-28.7 64-64 64h-8c-13.3 0-24 10.7-24 24v48c0 13.3 10.7 24 24 24h8c88.4 0 160-71.6 160-160V80c0-26.5-21.5-48-48-48z\"><\/path><\/svg>\t\t<\/div>\n\t\t\t\t<h4 class=\"qodef-m-text\">\n\t\t\t\"Les choix qu\u2019on fait au moment de la conception peuvent \u00eatre encore 'rentables' 20 ans, 30 ans apr\u00e8s, et c\u2019est l\u00e0 tout l\u2019int\u00e9r\u00eat de l\u00e9g\u00e8rement surinvestir dans une maison passive. Il faut essayer de penser aussi \u00e0 ces hausses d\u2019\u00e9nergie, \u00e0 ces hausses du co\u00fbt de la vie, car c'est des choses que l'on constate.\"\n\n\t\t<\/h4>\n\t<\/div>\n\t\t\t\t<\/div>\n\t\t\t\t<\/div>\n\t\t\t\t<div class=\"elementor-element elementor-element-fb93b79 elementor-widget elementor-widget-text-editor\" data-id=\"fb93b79\" data-element_type=\"widget\" data-e-type=\"widget\" data-widget_type=\"text-editor.default\">\n\t\t\t\t<div class=\"elementor-widget-container\">\n\t\t\t\t\t\t\t\t\t<p>Pierre-\u00c9tienne James, architecte \u00e0 l&rsquo;agence d&rsquo;architecture et d&rsquo;urbanisme Topo\u00efein Studio<\/p>\t\t\t\t\t\t\t\t<\/div>\n\t\t\t\t<\/div>\n\t\t\t\t<div class=\"elementor-element elementor-element-c01d9e2 elementor-widget elementor-widget-spacer\" data-id=\"c01d9e2\" data-element_type=\"widget\" data-e-type=\"widget\" data-widget_type=\"spacer.default\">\n\t\t\t\t<div class=\"elementor-widget-container\">\n\t\t\t\t\t\t\t<div class=\"elementor-spacer\">\n\t\t\t<div class=\"elementor-spacer-inner\"><\/div>\n\t\t<\/div>\n\t\t\t\t\t\t<\/div>\n\t\t\t\t<\/div>\n\t\t\t\t<div class=\"elementor-element elementor-element-fc21f7e elementor-widget elementor-widget-text-editor\" data-id=\"fc21f7e\" data-element_type=\"widget\" data-e-type=\"widget\" data-widget_type=\"text-editor.default\">\n\t\t\t\t<div class=\"elementor-widget-container\">\n\t\t\t\t\t\t\t\t\t<p>L&rsquo;accent a \u00e9t\u00e9 mis sur l&rsquo;importance de l&rsquo;investissement dans des constructions passives et \u00e9cologiques, qui offrent des avantages \u00e9conomiques \u00e0 long terme et r\u00e9pondent aux d\u00e9fis croissants li\u00e9s \u00e0 l&rsquo;augmentation des co\u00fbts \u00e9nerg\u00e9tiques et de la vie.<\/p>\n<p>Pour en savoir plus sur l&rsquo;\u00e9mission :&nbsp;<a href=\"https:\/\/france3-regions.francetvinfo.fr\/bourgogne-franche-comte\/doubs\/climat-tout-le-monde-a-compris-qu-on-devait-changer-de-modele-energetique-differents-secteurs-se-mobilisent-pour-se-detacher-des-energies-fossiles-2747778.html\" style=\"text-align: var(--text-align);\">CLIMAT. \u00ab\u00a0Tout le monde a compris qu\u2019on devait changer de mod\u00e8le \u00e9nerg\u00e9tique\u00a0\u00bb : diff\u00e9rents secteurs se mobilisent pour se d\u00e9tacher des \u00e9nergies fossiles (francetvinfo.fr)<\/a><\/p>\t\t\t\t\t\t\t\t<\/div>\n\t\t\t\t<\/div>\n\t\t\t\t<div class=\"elementor-element elementor-element-2c2c78f elementor-widget elementor-widget-spacer\" data-id=\"2c2c78f\" data-element_type=\"widget\" data-e-type=\"widget\" data-widget_type=\"spacer.default\">\n\t\t\t\t<div class=\"elementor-widget-container\">\n\t\t\t\t\t\t\t<div class=\"elementor-spacer\">\n\t\t\t<div class=\"elementor-spacer-inner\"><\/div>\n\t\t<\/div>\n\t\t\t\t\t\t<\/div>\n\t\t\t\t<\/div>\n\t\t\t\t<div class=\"elementor-element elementor-element-e9ea91f elementor-align-right elementor-widget elementor-widget-button\" data-id=\"e9ea91f\" data-element_type=\"widget\" data-e-type=\"widget\" data-widget_type=\"button.default\">\n\t\t\t\t<div class=\"elementor-widget-container\">\n\t\t\t\t\t\t\t\t\t<div class=\"elementor-button-wrapper\">\n\t\t\t\t\t<a class=\"elementor-button elementor-button-link elementor-size-sm elementor-animation-wobble-horizontal\" href=\"https:\/\/topoieinstudio.fr\/index.php\/actualites\/\">\n\t\t\t\t\t\t<span class=\"elementor-button-content-wrapper\">\n\t\t\t\t\t\t\t\t\t<span class=\"elementor-button-text\">Retour aux actualit\u00e9s<\/span>\n\t\t\t\t\t<\/span>\n\t\t\t\t\t<\/a>\n\t\t\t\t<\/div>\n\t\t\t\t\t\t\t\t<\/div>\n\t\t\t\t<\/div>\n\t\t\t\t<div class=\"elementor-element elementor-element-387bbc5 elementor-widget elementor-widget-spacer\" data-id=\"387bbc5\" data-element_type=\"widget\" data-e-type=\"widget\" data-widget_type=\"spacer.default\">\n\t\t\t\t<div class=\"elementor-widget-container\">\n\t\t\t\t\t\t\t<div class=\"elementor-spacer\">\n\t\t\t<div class=\"elementor-spacer-inner\"><\/div>\n\t\t<\/div>\n\t\t\t\t\t\t<\/div>\n\t\t\t\t<\/div>\n\t\t\t\t\t<\/div>\n\t\t\t\t<\/div>\n\t\t\t\t<\/div>\n\t\t","protected":false},"excerpt":{"rendered":"<p>R\u00e9emploi, mode d\u2019emploi \u2013 MOE avril 2025 Formation R\u00e9emploi, mode d\u2019emploi \u2013 MOE, d\u2019Agn\u00e8s James sur les enjeux du r\u00e9emploi dans les projets de l\u2019agence, afin de permettre de mieux identifier le potentiel de r\u00e9emploi des \u00e9l\u00e9ments constitutifs d&rsquo;un b\u00e2timent selon des crit\u00e8res objectifs, de sourcer efficacement les acteurs pr\u00e9sents sur notre territoire pour les besoins du projet et de mettre au point une m\u00e9thode de requalification des mat\u00e9riaux lors des \u00e9tudes. Un grand merci \u00e0 Marine Supiot, formatrice\u00a0chez Mineka pour la qualit\u00e9 des \u00e9changes\u00a0! https:\/\/mineka.fr\/ \u00ab\u00a0Les choix qu\u2019on fait au moment de la conception peuvent \u00eatre encore &lsquo;rentables&rsquo; 20 ans, 30 ans apr\u00e8s, et c\u2019est l\u00e0 tout l\u2019int\u00e9r\u00eat de l\u00e9g\u00e8rement surinvestir dans une maison passive. Il faut essayer de penser aussi \u00e0 ces hausses d\u2019\u00e9nergie, \u00e0 ces hausses du co\u00fbt de la vie, car c&rsquo;est des choses que l&rsquo;on constate.\u00a0\u00bb Pierre-\u00c9tienne James, architecte \u00e0 l&rsquo;agence d&rsquo;architecture et d&rsquo;urbanisme Topo\u00efein Studio L&rsquo;accent a \u00e9t\u00e9 mis sur l&rsquo;importance de l&rsquo;investissement dans des constructions passives et \u00e9cologiques, qui offrent des avantages \u00e9conomiques \u00e0 long terme et r\u00e9pondent aux d\u00e9fis croissants li\u00e9s \u00e0 l&rsquo;augmentation des co\u00fbts \u00e9nerg\u00e9tiques et de la vie. Pour en savoir plus sur l&rsquo;\u00e9mission :&nbsp;CLIMAT. \u00ab\u00a0Tout le monde a compris qu\u2019on devait changer de mod\u00e8le \u00e9nerg\u00e9tique\u00a0\u00bb : diff\u00e9rents secteurs se mobilisent pour se d\u00e9tacher des \u00e9nergies fossiles (francetvinfo.fr) Retour aux actualit\u00e9s<\/p>\n","protected":false},"author":1,"featured_media":0,"parent":0,"menu_order":0,"comment_status":"closed","ping_status":"closed","template":"","meta":{"_monsterinsights_skip_tracking":false,"_monsterinsights_sitenote_active":false,"_monsterinsights_sitenote_note":"","_monsterinsights_sitenote_category":0,"site-sidebar-layout":"no-sidebar","site-content-layout":"","ast-site-content-layout":"full-width-container","site-content-style":"default","site-sidebar-style":"default","ast-global-header-display":"","ast-banner-title-visibility":"","ast-main-header-display":"","ast-hfb-above-header-display":"","ast-hfb-below-header-display":"","ast-hfb-mobile-header-display":"","site-post-title":"disabled","ast-breadcrumbs-content":"","ast-featured-img":"disabled","footer-sml-layout":"","ast-disable-related-posts":"","theme-transparent-header-meta":"","adv-header-id-meta":"","stick-header-meta":"","header-above-stick-meta":"","header-main-stick-meta":"","header-below-stick-meta":"","astra-migrate-meta-layouts":"default","ast-page-background-enabled":"default","ast-page-background-meta":{"desktop":{"background-color":"var(--ast-global-color-4)","background-image":"","background-repeat":"repeat","background-position":"center center","background-size":"auto","background-attachment":"scroll","background-type":"","background-media":"","overlay-type":"","overlay-color":"","overlay-opacity":"","overlay-gradient":""},"tablet":{"background-color":"","background-image":"","background-repeat":"repeat","background-position":"center center","background-size":"auto","background-attachment":"scroll","background-type":"","background-media":"","overlay-type":"","overlay-color":"","overlay-opacity":"","overlay-gradient":""},"mobile":{"background-color":"","background-image":"","background-repeat":"repeat","background-position":"center center","background-size":"auto","background-attachment":"scroll","background-type":"","background-media":"","overlay-type":"","overlay-color":"","overlay-opacity":"","overlay-gradient":""}},"ast-content-background-meta":{"desktop":{"background-color":"var(--ast-global-color-5)","background-image":"","background-repeat":"repeat","background-position":"center center","background-size":"auto","background-attachment":"scroll","background-type":"","background-media":"","overlay-type":"","overlay-color":"","overlay-opacity":"","overlay-gradient":""},"tablet":{"background-color":"var(--ast-global-color-5)","background-image":"","background-repeat":"repeat","background-position":"center center","background-size":"auto","background-attachment":"scroll","background-type":"","background-media":"","overlay-type":"","overlay-color":"","overlay-opacity":"","overlay-gradient":""},"mobile":{"background-color":"var(--ast-global-color-5)","background-image":"","background-repeat":"repeat","background-position":"center center","background-size":"auto","background-attachment":"scroll","background-type":"","background-media":"","overlay-type":"","overlay-color":"","overlay-opacity":"","overlay-gradient":""}},"footnotes":""},"class_list":["post-8430","page","type-page","status-publish","hentry"],"yoast_head":"<!-- This site is optimized with the Yoast SEO plugin v27.5 - https:\/\/yoast.com\/product\/yoast-seo-wordpress\/ -->\n<title>\u00c9mission &quot;Courants Alternatifs, le nouveau souffle&quot; - France 3<\/title>\n<meta name=\"description\" content=\"L&#039;agence a \u00e9t\u00e9 mise en lumi\u00e8re dans l&#039;\u00e9mission Enqu\u00eates de R\u00e9gion : &quot;Courants Alternatifs, un nouveau souffle&quot; sur France 3.\" \/>\n<meta name=\"robots\" content=\"index, follow, max-snippet:-1, max-image-preview:large, max-video-preview:-1\" \/>\n<link rel=\"canonical\" href=\"https:\/\/topoieinstudio.fr\/index.php\/participation-a-lemission-courants-alternatifs-le-nouveau-souffle-france-3-copy\/\" \/>\n<meta property=\"og:locale\" content=\"fr_FR\" \/>\n<meta property=\"og:type\" content=\"article\" \/>\n<meta property=\"og:title\" content=\"\u00c9mission &quot;Courants Alternatifs, le nouveau souffle&quot; - France 3\" \/>\n<meta property=\"og:description\" content=\"L&#039;agence a \u00e9t\u00e9 mise en lumi\u00e8re dans l&#039;\u00e9mission Enqu\u00eates de R\u00e9gion : &quot;Courants Alternatifs, un nouveau souffle&quot; sur France 3.\" \/>\n<meta property=\"og:url\" content=\"https:\/\/topoieinstudio.fr\/index.php\/participation-a-lemission-courants-alternatifs-le-nouveau-souffle-france-3-copy\/\" \/>\n<meta property=\"og:site_name\" content=\"Topoiein Studio\" \/>\n<meta property=\"article:modified_time\" content=\"2025-05-16T13:51:22+00:00\" \/>\n<meta name=\"twitter:card\" content=\"summary_large_image\" \/>\n<meta name=\"twitter:label1\" content=\"Dur\u00e9e de lecture estim\u00e9e\" \/>\n\t<meta name=\"twitter:data1\" content=\"2 minutes\" \/>\n<script type=\"application\/ld+json\" class=\"yoast-schema-graph\">{\"@context\":\"https:\\\/\\\/schema.org\",\"@graph\":[{\"@type\":\"WebPage\",\"@id\":\"https:\\\/\\\/topoieinstudio.fr\\\/index.php\\\/participation-a-lemission-courants-alternatifs-le-nouveau-souffle-france-3-copy\\\/\",\"url\":\"https:\\\/\\\/topoieinstudio.fr\\\/index.php\\\/participation-a-lemission-courants-alternatifs-le-nouveau-souffle-france-3-copy\\\/\",\"name\":\"\u00c9mission \\\"Courants Alternatifs, le nouveau souffle\\\" - France 3\",\"isPartOf\":{\"@id\":\"https:\\\/\\\/topoieinstudio.fr\\\/#website\"},\"datePublished\":\"2025-05-16T13:46:42+00:00\",\"dateModified\":\"2025-05-16T13:51:22+00:00\",\"description\":\"L'agence a \u00e9t\u00e9 mise en lumi\u00e8re dans l'\u00e9mission Enqu\u00eates de R\u00e9gion : \\\"Courants Alternatifs, un nouveau souffle\\\" sur France 3.\",\"breadcrumb\":{\"@id\":\"https:\\\/\\\/topoieinstudio.fr\\\/index.php\\\/participation-a-lemission-courants-alternatifs-le-nouveau-souffle-france-3-copy\\\/#breadcrumb\"},\"inLanguage\":\"fr-FR\",\"potentialAction\":[{\"@type\":\"ReadAction\",\"target\":[\"https:\\\/\\\/topoieinstudio.fr\\\/index.php\\\/participation-a-lemission-courants-alternatifs-le-nouveau-souffle-france-3-copy\\\/\"]}]},{\"@type\":\"BreadcrumbList\",\"@id\":\"https:\\\/\\\/topoieinstudio.fr\\\/index.php\\\/participation-a-lemission-courants-alternatifs-le-nouveau-souffle-france-3-copy\\\/#breadcrumb\",\"itemListElement\":[{\"@type\":\"ListItem\",\"position\":1,\"name\":\"Accueil\",\"item\":\"https:\\\/\\\/topoieinstudio.fr\\\/\"},{\"@type\":\"ListItem\",\"position\":2,\"name\":\"R\u00e9emploi, mode d\u2019emploi \u2013 MOE\"}]},{\"@type\":\"WebSite\",\"@id\":\"https:\\\/\\\/topoieinstudio.fr\\\/#website\",\"url\":\"https:\\\/\\\/topoieinstudio.fr\\\/\",\"name\":\"Topoiein Studio\",\"description\":\"\",\"publisher\":{\"@id\":\"https:\\\/\\\/topoieinstudio.fr\\\/#organization\"},\"potentialAction\":[{\"@type\":\"SearchAction\",\"target\":{\"@type\":\"EntryPoint\",\"urlTemplate\":\"https:\\\/\\\/topoieinstudio.fr\\\/?s={search_term_string}\"},\"query-input\":{\"@type\":\"PropertyValueSpecification\",\"valueRequired\":true,\"valueName\":\"search_term_string\"}}],\"inLanguage\":\"fr-FR\"},{\"@type\":\"Organization\",\"@id\":\"https:\\\/\\\/topoieinstudio.fr\\\/#organization\",\"name\":\"Topoiein Studio\",\"url\":\"https:\\\/\\\/topoieinstudio.fr\\\/\",\"logo\":{\"@type\":\"ImageObject\",\"inLanguage\":\"fr-FR\",\"@id\":\"https:\\\/\\\/topoieinstudio.fr\\\/#\\\/schema\\\/logo\\\/image\\\/\",\"url\":\"https:\\\/\\\/topoieinstudio.fr\\\/wp-content\\\/uploads\\\/2024\\\/05\\\/Logo-sans-signature.svg\",\"contentUrl\":\"https:\\\/\\\/topoieinstudio.fr\\\/wp-content\\\/uploads\\\/2024\\\/05\\\/Logo-sans-signature.svg\",\"width\":305,\"height\":215,\"caption\":\"Topoiein Studio\"},\"image\":{\"@id\":\"https:\\\/\\\/topoieinstudio.fr\\\/#\\\/schema\\\/logo\\\/image\\\/\"}}]}<\/script>\n<!-- \/ Yoast SEO plugin. -->","yoast_head_json":{"title":"\u00c9mission \"Courants Alternatifs, le nouveau souffle\" - France 3","description":"L'agence a \u00e9t\u00e9 mise en lumi\u00e8re dans l'\u00e9mission Enqu\u00eates de R\u00e9gion : \"Courants Alternatifs, un nouveau souffle\" sur France 3.","robots":{"index":"index","follow":"follow","max-snippet":"max-snippet:-1","max-image-preview":"max-image-preview:large","max-video-preview":"max-video-preview:-1"},"canonical":"https:\/\/topoieinstudio.fr\/index.php\/participation-a-lemission-courants-alternatifs-le-nouveau-souffle-france-3-copy\/","og_locale":"fr_FR","og_type":"article","og_title":"\u00c9mission \"Courants Alternatifs, le nouveau souffle\" - France 3","og_description":"L'agence a \u00e9t\u00e9 mise en lumi\u00e8re dans l'\u00e9mission Enqu\u00eates de R\u00e9gion : \"Courants Alternatifs, un nouveau souffle\" sur France 3.","og_url":"https:\/\/topoieinstudio.fr\/index.php\/participation-a-lemission-courants-alternatifs-le-nouveau-souffle-france-3-copy\/","og_site_name":"Topoiein Studio","article_modified_time":"2025-05-16T13:51:22+00:00","twitter_card":"summary_large_image","twitter_misc":{"Dur\u00e9e de lecture estim\u00e9e":"2 minutes"},"schema":{"@context":"https:\/\/schema.org","@graph":[{"@type":"WebPage","@id":"https:\/\/topoieinstudio.fr\/index.php\/participation-a-lemission-courants-alternatifs-le-nouveau-souffle-france-3-copy\/","url":"https:\/\/topoieinstudio.fr\/index.php\/participation-a-lemission-courants-alternatifs-le-nouveau-souffle-france-3-copy\/","name":"\u00c9mission \"Courants Alternatifs, le nouveau souffle\" - France 3","isPartOf":{"@id":"https:\/\/topoieinstudio.fr\/#website"},"datePublished":"2025-05-16T13:46:42+00:00","dateModified":"2025-05-16T13:51:22+00:00","description":"L'agence a \u00e9t\u00e9 mise en lumi\u00e8re dans l'\u00e9mission Enqu\u00eates de R\u00e9gion : \"Courants Alternatifs, un nouveau souffle\" sur France 3.","breadcrumb":{"@id":"https:\/\/topoieinstudio.fr\/index.php\/participation-a-lemission-courants-alternatifs-le-nouveau-souffle-france-3-copy\/#breadcrumb"},"inLanguage":"fr-FR","potentialAction":[{"@type":"ReadAction","target":["https:\/\/topoieinstudio.fr\/index.php\/participation-a-lemission-courants-alternatifs-le-nouveau-souffle-france-3-copy\/"]}]},{"@type":"BreadcrumbList","@id":"https:\/\/topoieinstudio.fr\/index.php\/participation-a-lemission-courants-alternatifs-le-nouveau-souffle-france-3-copy\/#breadcrumb","itemListElement":[{"@type":"ListItem","position":1,"name":"Accueil","item":"https:\/\/topoieinstudio.fr\/"},{"@type":"ListItem","position":2,"name":"R\u00e9emploi, mode d\u2019emploi \u2013 MOE"}]},{"@type":"WebSite","@id":"https:\/\/topoieinstudio.fr\/#website","url":"https:\/\/topoieinstudio.fr\/","name":"Topoiein Studio","description":"","publisher":{"@id":"https:\/\/topoieinstudio.fr\/#organization"},"potentialAction":[{"@type":"SearchAction","target":{"@type":"EntryPoint","urlTemplate":"https:\/\/topoieinstudio.fr\/?s={search_term_string}"},"query-input":{"@type":"PropertyValueSpecification","valueRequired":true,"valueName":"search_term_string"}}],"inLanguage":"fr-FR"},{"@type":"Organization","@id":"https:\/\/topoieinstudio.fr\/#organization","name":"Topoiein Studio","url":"https:\/\/topoieinstudio.fr\/","logo":{"@type":"ImageObject","inLanguage":"fr-FR","@id":"https:\/\/topoieinstudio.fr\/#\/schema\/logo\/image\/","url":"https:\/\/topoieinstudio.fr\/wp-content\/uploads\/2024\/05\/Logo-sans-signature.svg","contentUrl":"https:\/\/topoieinstudio.fr\/wp-content\/uploads\/2024\/05\/Logo-sans-signature.svg","width":305,"height":215,"caption":"Topoiein Studio"},"image":{"@id":"https:\/\/topoieinstudio.fr\/#\/schema\/logo\/image\/"}}]}},"_links":{"self":[{"href":"https:\/\/topoieinstudio.fr\/index.php\/wp-json\/wp\/v2\/pages\/8430","targetHints":{"allow":["GET"]}}],"collection":[{"href":"https:\/\/topoieinstudio.fr\/index.php\/wp-json\/wp\/v2\/pages"}],"about":[{"href":"https:\/\/topoieinstudio.fr\/index.php\/wp-json\/wp\/v2\/types\/page"}],"author":[{"embeddable":true,"href":"https:\/\/topoieinstudio.fr\/index.php\/wp-json\/wp\/v2\/users\/1"}],"replies":[{"embeddable":true,"href":"https:\/\/topoieinstudio.fr\/index.php\/wp-json\/wp\/v2\/comments?post=8430"}],"version-history":[{"count":7,"href":"https:\/\/topoieinstudio.fr\/index.php\/wp-json\/wp\/v2\/pages\/8430\/revisions"}],"predecessor-version":[{"id":8438,"href":"https:\/\/topoieinstudio.fr\/index.php\/wp-json\/wp\/v2\/pages\/8430\/revisions\/8438"}],"wp:attachment":[{"href":"https:\/\/topoieinstudio.fr\/index.php\/wp-json\/wp\/v2\/media?parent=8430"}],"curies":[{"name":"wp","href":"https:\/\/api.w.org\/{rel}","templated":true}]}}